the highest common factor of 49752 and 187125564.
8292
What is the greatest common factor of 42011398 and 286?
286
What is the highest common factor of 289100 and 2773?
59
Calculate the greatest common factor of 1686 and 745448883.
843
Calculate the highest common divisor of 82530 and 43974.
126
Calculate the highest common divisor of 29183124 and 876.
12
What is the highest common divisor of 12948073 and 2966?
1483
Calculate the highest common divisor of 177975 and 11830.
35
Calculate the highest common factor of 209756 and 666988.
164
Calculate the highest common divisor of 459 and 18084702.
51
Calculate the highest common divisor of 378781654 and 37.
37
What is the highest common divisor of 410 and 137134094?
82
Calculate the highest common divisor of 1111264 and 42.
14
Calculate the greatest common divisor of 204032 and 1856.
64
What is the greatest common divisor of 721924 and 1003?
59
What is the highest common divisor of 735790723 and 2335?
467
Calculate the highest common factor of 86188 and 35160989.
743
Calculate the greatest common divisor of 18850 and 1184650.
1450
Calculate the highest common factor of 54484 and 1564616.
1028
What is the highest common factor of 362284723 and 2879?
2879
What is the greatest common divisor of 32 and 147054640?
16
What is the highest common factor of 14428978 and 762?
254
Calculate the highest common factor of 9712159 and 1337.
191
Calculate the greatest common factor of 3978 and 3402360.
234
What is the highest common factor of 704 and 655887056?
176
Calculate the greatest common divisor of 283891 and 1772278.
907
Calculate the highest common factor of 55 and 18277853.
11
Calculate the highest common factor of 3185 and 1208935.
455
What is the highest common factor of 136 and 837272508?
68
What is the greatest common factor of 1617 and 85621767?
1617
Calculate the highest common factor of 4033631 and 89831.
2191
Calculate the highest common factor of 46983435 and 12550.
1255
What is the highest common divisor of 104 and 11101688?
104
What is the greatest common factor of 435584 and 5489039?
3403
What is the highest common factor of 23109435 and 1755?
135
Calculate the greatest common divisor of 180 and 4522620.
60
Calculate the highest common divisor of 13 and 298217270.
13
Calculate the greatest common divisor of 1604800 and 740.
20
Calculate the highest common divisor of 977439294 and 156.
78
Calculate the greatest common factor of 2022666 and 4255.
23
What is the highest common divisor of 103526040 and 960?
120
What is the highest common factor of 282899 and 474?
79
What is the greatest common factor of 1821502 and 46?
2
What is the greatest common factor of 17896990 and 46?
46
Calculate the greatest common divisor of 33650 and 4040.
10
Calculate the highest common factor of 296808 and 798792.
1992
Calculate the highest common factor of 22 and 218338.
2
What is the greatest common divisor of 171550 and 1393550?
2350
Calculate the highest common factor of 3077 and 274323781.
3077
What is the highest common factor of 14742 and 213576090?
546
Calculate the highest common factor of 18157 and 953477.
67
What is the greatest common factor of 8203 and 2683643?
631
Calculate the highest common divisor of 31579 and 674143.
1373
Calculate the highest common factor of 16 and 8072000.
16
What is the greatest common factor of 100006 and 16120?
62
What is the greatest common factor of 2113341 and 51?
3
What is the highest common divisor of 157 and 144134792?
157
Calculate the greatest common divisor of 1938323 and 20827.
353
Calculate the greatest common divisor of 18102813 and 46257.
2721
Calculate the highest common divisor of 13279 and 178605.
49
What is the highest common divisor of 182 and 9276449?
91
What is the highest common factor of 2833217 and 2164?
541
Calculate the greatest common factor of 2262 and 32879040.
174
What is the highest common factor of 119805 and 28362?
489
What is the greatest common factor of 17556057 and 76?
19
Calculate the greatest common divisor of 22635221 and 13146.
2191
What is the highest common divisor of 228 and 80117072?
76
What is the greatest common divisor of 595 and 13609945?
85
Calculate the highest common divisor of 3972672 and 1064.
152
What is the highest common factor of 11208918 and 9548?
434
Calculate the highest common divisor of 793844030 and 5.
5
Calculate the highest common divisor of 113 and 191787103.
113
Calculate the highest common factor of 168 and 134556648.
24
Calculate the greatest common divisor of 2356 and 19492366.
1178
What is the highest common factor of 2589 and 13044245?
863
Calculate the greatest common factor of 4698 and 1402805574.
1566
Calculate the highest common divisor of 7148097 and 62389.
701
Calculate the highest common factor of 15995320 and 170.
10
What is the highest common factor of 65286 and 51662?
26
What is the highest common factor of 8953846 and 286?
22
Calculate the greatest common divisor of 6510 and 22166116.
434
Calculate the greatest common factor of 72380 and 531476.
2068
Calculate the greatest common divisor of 190179 and 84411.
1017
Calculate the highest common divisor of 15457 and 21362107.
533
Calculate the greatest common factor of 149684 and 16468.
92
What is the highest common factor of 8657444 and 6736?
1684
What is the highest common divisor of 1392638 and 533?
13
What is the highest common factor of 61711 and 9498606?
611
What is the greatest common factor of 27417 and 6477081?
741
Calculate the highest common divisor of 126434 and 8470.
154
What is the highest common divisor of 65910544 and 8930?
1786
What is the highest common divisor of 118624 and 869?
11
What is the greatest common factor of 795644 and 1738956?
2204
What is the highest common divisor of 1728 and 2859744?
96
What is the greatest common factor of 939 and 102397011?
939
Calculate the highest common factor of 268783782 and 492.
246
What is the highest common factor of 2204525 and 4033?
109
What is the highest common factor of 9171599 and 5677?
811
What is the greatest common divisor of 20875465 and 26960?
1685
Calculate the greatest common factor of 414 and 619183.
23
What is the greatest common factor of 7260 and 4370036?
484
What is the highest common factor of 18659658 and 564?
282
What is the greatest common factor of 1418242 and 3398164?
14042
Calculate the greatest common factor of 3486456 and 11448.
216
Calculate the highest common divisor of 3206 and 706160.
14
What is the greatest common divisor of 3786391 and 4676?
1169
What is the greatest common divisor of 5885 and 1212145?
55
Calculate the greatest common factor of 750 and 456091350.
150
Calculate the greatest common factor of 287949 and 45315.
159
Calculate the highest common factor of 111 and 93603599.
37
What is the highest common divisor of 1183 and 573079?
169
Calculate the greatest common factor of 10 and 423708370.
10
Calculate the greatest common factor of 5888 and 4968.
184
What is the greatest common factor of 430060 and 100?
20
Calculate the greatest common factor of 125500 and 39658.
502
Calculate the highest common factor of 5410350 and 2025.
225
What is the greatest common factor of 264 and 319869?
33
Calculate the highest common factor of 7752 and 29200872.
456
What is the highest common divisor of 18328792 and 2873344?
11224
Calculate the greatest common divisor of 1 and 41556109.
1
What is the highest common factor of 793574 and 1?
1
What is the highest common divisor of 161 and 9032330?
23
Calculate the highest common factor of 1472 and 520288.
32
What is the greatest common divisor of 340 and 2212970?
10
Calculate the greatest common factor of 59209 and 1.
1
What is the highest common divisor of 190429110 and 270?
270
Calculate the highest common divisor of 332583 and 66375.
177
Calculate the greatest common factor of 4476 and 6900873.
1119
Calculate the greatest common factor of 2338 and 561386.
14
What is the highest common divisor of 705619 and 17?
17
Calculate the greatest common factor of 425204 and 1820156.
884
Calculate the greatest common factor of 455658032 and 48.
16
Calculate the greatest common factor of 43017 and 2092233.
39
What is the highest common factor of 3812064270 and 4116?
2058
What is the highest common divisor of 23508 and 297506